ommon divisor of n and 10?
10
Let h = -2 + 7. Suppose 3*r - 53 = -4*z, 4*r - 2*r = z - h. What is the greatest common factor of z and 99?
11
Suppose -44 = -6*n + 2*n. Let t be ((-14)/4)/(0 - (-2)/(-44)). Calculate the greatest common divisor of t and n.
11
Suppose 4*x = 54 + 14. Calculate the highest common divisor of x and 187.
17
Let v be 0/(-2) - (-1 + -6). Suppose -138 - 492 = -10*r. What is the highest common factor of v and r?
7
Let v(x) = 5*x + 3. Let n be v(4). Calculate the highest common divisor of n and 161.
23
Let u(m) = m**2 - 8*m + 18. Let p be u(6). What is the greatest common divisor of p and 6?
6
Let c(k) = 82*k**2 - k. Suppose 3*l - 5*w = 23, l + 7 = -4*l - 3*w. Let u be c(l). Let d = -36 + u. Calculate the greatest common divisor of 18 and d.
9
Suppose -4 = -2*v + 6. Let x(k) = -k + 7. Let i be x(v). Let o = 9 - 4. What is the highest common factor of i and o?
1
Suppose 4*y + 5 - 25 = -4*z, -4*z - 15 = -3*y. Suppose 5*k - 3*p - 117 = 0, y = 3*p + 2*p. Calculate the highest common divisor of k and 192.
24
Let i be (-3)/(-9) + (-8)/(-3). Suppose 5*p - 35 = -2*b, 2*p = i*b - 4 + 18. Let g = 14 + -7. Calculate the highest common divisor of g and p.
7
Suppose -j - 2 - 10 = -x, 3*x = -j + 56. Calculate the greatest common divisor of 51 and x.
17
Let o = -10 - 90. Let l = o - -243. Suppose 4*p + 78 = 10*p. Calculate the greatest common factor of l and p.
13
Let x = -2 + 6. Calculate the highest common divisor of x and 44.
4
Let w(t) = -t**3 + 8*t**2 + 7*t + 2. Let d be w(7). Let r = 44 + -4. What is the highest common factor of d and r?
20
Suppose 0 = -3*p - z + 5*z + 17, 0 = 2*z - 2. Calculate the highest common divisor of p and 63.
7
Suppose -y - 8 = -10. Suppose j - 30 = -y*j. Let b be ((-2)/(-2) - -9) + 0. What is the highest common factor of b and j?
10
Suppose 0*d - 20 = -4*d. Suppose 2*n = 5*n - 3*g - 132, d*n = -4*g + 184. Let s be (10 - (0 - -1)) + 1. What is the greatest common factor of s and n?
10
Let u = -18 - -21. Suppose 0 = -5*h + u*h + 56. What is the greatest common divisor of 42 and h?
14
Let v = -4 - -6. Suppose 9 = 2*z + 2*m + 3*m, 10 = 4*z + v*m. Let t = 5 - z. What is the greatest common factor of t and 1?
1
Suppose 30 = 3*n - 0. Let f = -1 + 26. What is the highest common factor of n and f?
5
Let z(c) = -c**3 + 14*c**2 - 12*c - 10. Let i be z(13). What is the greatest common divisor of i and 24?
3
Suppose 6*h = 5*h. Suppose -2*z + h*z + 6 = 0. Calculate the greatest common factor of z and 15.
3
Suppose 4*k = -k + 15. Let s(n) = n**3 - 4*n**2 + 3*n - 6. Let c be s(4). Suppose 0 = -c*i + k*i + 39. What is the highest common divisor of 13 and i?
13
Let z be (126/(-10))/((-5)/(-4 - -79)). What is the highest common factor of 21 and z?
21
Suppose -6 = -3*c + c. Suppose -2*h = -c*h + 5*l + 65, 4*h = 3*l + 294. Calculate the greatest common factor of h and 15.
15
Suppose 2*d + 2*d - 152 = 0. Suppose -d = -3*w - 5*j, w - j - 12 - 14 = 0. What is the highest common factor of 14 and w?
7
Let w(d) = -78*d - 3. Let o be w(-2). Let t(f) = -87*f + 6. Let l be t(-6). Let h be (-6)/10 + l/30. What is the highest common divisor of h and o?
17
Let c be (-2)/(1*2)*-8. Let l = -15 + 23. Calculate the greatest common divisor of l and c.
8
Suppose 2*o = 4*w + 66, 162 = 6*o - 2*o + 2*w. What is the highest common divisor of o and 117?
39
Let l(v) = 2*v + 2. Suppose -o - 18 = -4*o + 4*s, 3*s + 1 = o. Let i be o/((-8)/(-2) + -2). Let u be l(i). Calculate the highest common divisor of u and 4.
4
Let i(s) = 1 + 5*s - 9*s + s**2 + 1. Let j be i(4). What is the greatest common divisor of j and 22?
2
Suppose 0 = 2*g - 7*g + 300. Calculate the greatest common factor of g and 15.
15
Let h(t) = -2*t**3 - 12*t + t**3 - 8*t**2 + 5 - 5*t**2. Let j be h(-12). Calculate the greatest common factor of j and 1.
1
Let f be 1 + 10/(-14) + (-99)/(-21). Calculate the highest common factor of f and 35.
5
Let k(d) = 29*d. Let q be k(3). Let v = q + -47. Calculate the greatest common factor of v and 8.
8
Let y be (-364)/(-8) + 1/(-2). Let t = y - 29. Suppose 3*j - s - 120 = 0, 2*j + s = -0*j + 80. What is the highest common factor of j and t?
8
Let j be (-1470)/75 - (-4)/(-10). Let t = 5 - j. Calculate the greatest common factor of t and 10.
5
Let y(x) = -x**2 - 17*x + 12. Suppose 2*p - 15 = 3*p. Let a be y(p). What is the greatest common divisor of 14 and a?
14
Suppose 0*p = 3*p, -4*u + 3*p + 228 = 0. Calculate the highest common divisor of u and 38.
19
Let g be (1 - 19/2)*4. Let y be 1/3 + g/(-6). Let u = -387 + 429. What is the highest common factor of u and y?
6
Let r be -1 + -1 + 4 - -1. What is the greatest common divisor of 3 and r?
3
Let c(p) = -2*p**2 - 3*p. Let f be c(-2). Let j be 9 + f - (-1 - -2). Suppose 2*d - 4 = 0, d - 52 = -3*w + 2*d. What is the highest common factor of j and w?
6
Let j be (-10)/(-2)*4/5. Suppose -j*x = -x - 36. Suppose x = 5*o - 48. Calculate the highest common factor of 48 and o.
12
Let h(b) = b**2 + 2*b - 8. Let a be h(6). What is the greatest common divisor of a and 8?
8
Let q(v) = -v**3 + 3*v**2 + 14*v - 12. Let s be q(5). Calculate the greatest common divisor of s and 64.
8
Let b be (-4)/6*-12*2. Let g be (4 - -1)/((-1)/(-5)). Suppose 0 = 3*h + 2*r - 20, -g = -2*h + 3*r - 3. What is the highest common divisor of b and h?
8
Suppose 33*v - 11*v = 528. Let t = 3 - 7. Let l be 3 - ((t - -2) + 2). Calculate the greatest common factor of v and l.
3
Let k be 0*-2*3/(-6). Suppose -132 = -4*u - k*u. What is the greatest common factor of u and 11?
11
Suppose 0 = -5*q, 0*r + 3*q - 330 = r. Let o be (r/8)/(2/(-8)). Suppose 2*x - 5*x = -o. What is the greatest common divisor of x and 5?
5
Suppose 0 = 2*y - 5*y + 5*c + 1180, c = -3*y + 1204. What is the highest common divisor of 40 and y?
40
Let t = 23 + -15. Suppose 5*i = 5*x + 20, -2*i = x + 2*x - t. Suppose 4*r + 3*j - 317 = 0, i*r + r = 2*j + 402. Calculate the highest common factor of 16 and r.
16
Let t(w) be the first derivative of w**3/3 - 5*w - 1. Let j = -21 - -25. Let i be t(j). Calculate the greatest common factor of i and 77.
11
Let f = 503 + -143. Calculate the greatest common factor of f and 40.
40
Suppose -285 = t - 6*t. Let s(a) = 5*a**2 + 2*a + 3. Let j be s(-2). Calculate the greatest common factor of j and t.
19
Suppose q + 11 = -3. Let i be (48/q)/(1/(-14)). Let d(p) = 32*p**2. Let m be d(1). What is the highest common factor of m and i?
16
Let q = 14 - 5. Let c(x) = -x**3 + 3*x**2 + 4*x + 1. Let p be c(4). What is the highest common divisor of q and p?
1
Let s = -55 + 106. What is the greatest common factor of s and 17?
17
Let o(i) = 22*i + 4. Let g be o(3). Let s be (-98)/(-35)*(0 - -5). Calculate the highest common factor of g and s.
14
Suppose f = 3*y - 0*y - 75, 3*y + 3*f - 75 = 0. Let q(j) = 20*j**2 - 2*j + 1. Let z be q(3). What is the highest common divisor of z and y?
25
Let b = 0 + 9. Suppose 0 = -3*d + 4*r - 16, 2*d - 7*r + 2*r = -20. Let v = d + 1. Calculate the greatest common factor of b and v.
1
Let q(v) = v. Let i(p) = p**3 - 4*p**2 + p - 3. Let k(u) = i(u) - q(u). Let l be k(4). Let s = 19 + l. What is the highest common divisor of 128 and s?
16
Suppose -21 = 5*q - 0*d + 4*d, -5*q + 5*d + 15 = 0. Let c(s) = -17*s - 1. Let v be c(q). What is the highest common factor of 16 and v?
16
Suppose -o + 0*o = -7. Let m be 2/(-7) + 142/o. Let g be (-1323)/(-45) + 3/5. Calculate the highest common factor of m and g.
10
Suppose -k - 47 = -2*k. Let d = -29 + k. Calculate the greatest common divisor of d and 126.
18
Let z(y) = -y**2 - 24*y + 35. Let g be z(-25). Calculate the highest common factor of g and 130.
10
Let i = -15 + 25. Let y be ((-5)/2)/((-1)/i). What is the greatest common factor of y and 10?
5
Let b(l) = -195*l. Let o be b(-2). Let g be o/4*2/3. What is the highest common divisor of g and 26?
13
Let c be 32/(-2)*((-9)/2 + 4). Calculate the highest common factor of 104 and c.
8
Suppose -p - 5*m = -2*p + 19, -4*m + 148 = 4*p. Suppose 4*i + t - p = 0, 5*i - 37 = -4*t + 11. Calculate the highest common divisor of 4 and i.
4
Let h be (5/15)/(1/30). Calculate the highest common divisor of h and 90.
10
Let m(c) = c**3 + 8*c**2 - c + 8. Let n = 9 + -16. Let h be m(n). What is the highest common factor of 16 and h?
16
Let x be (-1 - 13)*(-72)/84